ime number?
True
Let o = -658 - -1488. Suppose o = 6*m - 1204. Suppose -m = -2*k + 5*w, 3*k = 5*w + 194 + 322. Is k prime?
False
Let n be 1 + -3 - 3/(6/(-14)). Suppose -888 + 2661 = u + 5*s, 2*u - 3566 = -n*s. Is u composite?
True
Let z = 233050 - 166021. Is z a composite number?
True
Let v = -842 + 1839. Suppose -2*a - 3*a + 5*w = -2500, 0 = -2*a - w + v. Is a prime?
True
Let y be (-6)/(1 - 125/123). Let i = y - 202. Is i prime?
True
Let t = -5 - -42. Suppose -53 = 4*p + 39. Let x = t + p. Is x a prime number?
False
Let h(i) = i**3 + 7*i**2 + 5*i - 3. Let l be h(-4). Suppose -c + 5*f = -l, -2*f - 12 = f. Suppose -80 = -c*w + 525. Is w composite?
True
Let g be (-1099)/(-5) + (130/25 - 5). Let o = g - -261. Is o a composite number?
True
Let h be (-55)/(-10) + (-9)/6. Suppose -4*j + h = -12. Suppose -3*i + 577 = -j*p, -i + 927 = 4*i + 2*p. Is i prime?
False
Let g(y) = -6*y + 7 + 2*y + 41*y**3 + 80*y**3 + 4*y**3 - 2*y**2. Is g(2) a composite number?
False
Let f = 159 + 52. Is f a prime number?
True
Let d = 9522 + -4369. Is d composite?
False
Let g = 16630 - 6969. Is g prime?
True
Suppose -3*p + 31 = -5*t, 3*p - 3*t - 7 - 26 = 0. Suppose -11*q + p*q - 53 = 0. Is q prime?
True
Suppose 4*m - 8 = 4*k, 6*k + 4*m - 29 = 3*k. Suppose -3*w - 15 = -3, k*w + 4 = 2*s. Is 2/(-4) + (-14)/s a composite number?
False
Let j(l) = -l**3 - 15*l**2 + l + 18. Let v be j(-15). Suppose 3*u = -v*o + 737 + 340, o = 4. Is u composite?
True
Let b(s) = 1921*s**2 - 8*s + 1. Is b(2) prime?
True
Suppose -n + s + 18921 = 0, 14*n - 5*s = 16*n - 37856. Is n prime?
False
Is (-4)/(-6) + 1176747/99 a prime number?
True
Let l(i) = 52*i**2 - 33*i + 3. Is l(5) composite?
True
Let r(m) = -5 + 1 - 2*m - 6*m + 4*m**2. Let x be r(10). Suppose 0*k - 4*k = -x. Is k a composite number?
False
Let l = -9 - -14. Suppose -l*y = -4*y - 5, 2*s - y = 3. Suppose 2*w - 18 = 2*b, -6*w + 3 = -s*w + 3*b. Is w a prime number?
False
Let z(c) = -53*c**2 - 7*c + 6. Let s be z(5). Let f = 4293 + s. Is f composite?
False
Is -1039*(-9 - -11)*172/(-8) composite?
True
Let y = 18326 - -20871. Is y composite?
True
Is (-1 - (-8765 - 3))*1 prime?
False
Let r be 0/1 + 7 + 380. Suppose 2*w + r = w. Let y = w - -680. Is y a composite number?
False
Let q = -15141 + 39364. Is q a composite number?
False
Suppose -7504 = -4*p + 1384. Suppose -1014 = -4*b + p. Is b composite?
False
Let m(k) = 2*k + 3. Let n be m(-2). Let b be (n/(-2))/(4/(-7832)). Let i = b - -1593. Is i prime?
False
Let a(o) = -o + 10. Let i be a(8). Let u be i + 0/(-1) + 0. Suppose -5*t = -u*y - 625, -2*t + 235 = -5*y + 6. Is t composite?
False
Let q(i) = 5*i**2 - 7*i + 11. Let o(z) = 11*z**2 - 15*z + 23. Let p(t) = 6*o(t) - 13*q(t). Is p(-7) prime?
True
Let b(z) = 7835*z - 286. Is b(7) prime?
True
Let j = -136 + 248. Suppose r = 207 + j. Is r a prime number?
False
Let w = -31134 - -48005. Is w prime?
True
Suppose 7414 = 337*v - 335*v. Is v composite?
True
Let k(i) = i**3 + 11*i**2 - 4*i - 13. Let v = -18 - -8. Is k(v) composite?
False
Let y(d) = 258*d + 17. Is y(4) composite?
False
Let q(u) be the first derivative of -u**3/3 + 4*u**2 + 12*u - 1. Let r be q(9). Suppose 4*k + 1043 = 3*b, -r*b + 783 + 250 = -2*k. Is b a prime number?
False
Let v be 25/15 + (-2)/(-6). Suppose 3*k + v*a - 104 = 0, 172 = 5*k + 3*a + a. Suppose -2*l + 18 = o - 21, l - k = -o. Is o a prime number?
False
Let p(o) = -o**3 + 45*o**2 - 4*o + 137. Is p(36) a prime number?
True
Suppose -n = -11 + 2. Let l = n + -8. Is ((-242)/l)/(2 - 4) composite?
True
Suppose 10*f = 5*f. Suppose 6*i + f = -96. Is 5078/8 - 4/i composite?
True
Let s be ((-22)/(-3))/((-1)/(-36)). Suppose -2*k + 256 = 2*r, -4*r = 3*k - k - s. Suppose -3*w + k = w. Is w a prime number?
True
Let o be (2 - -1)*(-8)/(-12). Suppose -3*c + o*z = c - 18, 4*c + 3*z = 13. Suppose 0 = -5*p - 15, 5*b + 491 = c*p + 3108. Is b composite?
False
Let p = 63 - 39. Suppose p*d + 47997 = 33*d. Is d composite?
False
Suppose 0*a = -3*a - 1620. Let n be (52/(-117))/((-1)/9). Is n/(-14) - a/28 a prime number?
True
Let o = -14755 + 21534. Is o a composite number?
False
Let w = -2786 - -1978. Is -5 - -3 - -3 - w prime?
True
Is 20 - -19821 - (-1 - 1 - 0) a prime number?
True
Suppose 1566 = -7*l + l. Let n = 808 - l. Is n a prime number?
True
Let y(m) = 8*m**2 + 10*m + 12. Let c be y(5). Let g = -167 + c. Is g a prime number?
False
Let g be (-30)/35*(-791)/(-1). Suppose -3015 = -2*b - b. Let o = g + b. Is o composite?
True
Let q(d) = -d - 3. Let o be q(-2). Let j be 120 - (2/o - 0). Let p = 233 - j. Is p prime?
False
Let o(r) = -2*r + 1. Let z be o(-1). Suppose -2*y = -3*l + 16, y - 21 = 4*y - z*l. Is (5/y)/(3/(-165)) prime?
False
Let q(n) = 10*n**2 - n + 4. Suppose 8*g = 4*g - 140. Let z be (-4)/10 + (-259)/g. Is q(z) a composite number?
False
Let u = 45 - 33. Suppose -5391 - 6117 = -u*o. Is o a composite number?
True
Let r = 206 + -75. Suppose -530 = -3*c - r. Is c prime?
False
Let i(c) = 39*c**2 - 5*c - 19. Let r(w) = w + 11. Let l be r(-3). Is i(l) composite?
False
Let a = 11686 + -5937. Is a a prime number?
True
Let q(s) = 2036*s + 145. Is q(11) composite?
False
Let a = -8782 + 17823. Is a a prime number?
True
Let y = -132 + 126. Is (-7)/(14/(-267))*(-4)/y a composite number?
False
Let z be (-4)/((-8)/(-4)) + (5 - 3). Suppose -s = 4, -5*g - s + 11 + 0 = z. Is g prime?
True
Let a = 62988 + 11365. Is a prime?
True
Let v(x) = x**3 - 4*x**2 - 6*x + 4. Let q be v(5). Is -2 - (265 + q)/(-3) prime?
False
Let s = 11 - 5. Suppose -s*k = 910 - 2752. Is k prime?
True
Let j = -32 + 29. Is j - 16/(-4) - -1118 a prime number?
False
Let s(f) be the first derivative of 123*f**2/2 + 16*f + 7. Is s(5) composite?
False
Let x(o) = -o**3 - 4*o**2 - 2*o - 6. Let s be x(-4). Suppose -4*d + 46 = -s*d. Is d a prime number?
True
Let g(n) = 2*n + 7. Let o be g(-5). Let t be (-21)/(-14)*(-10)/o. Suppose 5*w - d = 2*d + 776, 4*w = -t*d + 643. Is w a composite number?
False
Let x(t) = 27*t**2 - t - 1. Suppose 3*j = -4*u + 4, 5*u = -3*j - 0*j + 2. Suppose 4*b = 16 + j. Is x(b) a composite number?
True
Let q(s) = -70*s**3 + 3*s**2 + 2*s - 2. Let a be q(-2). Suppose a - 146 = 5*i. Let w = i + -45. Is w composite?
True
Suppose 3*c - 3*z - 1050 = 0, -4*c + 2*z + 524 = -886. Let i = 16 + c. Is i composite?
True
Let r(b) = -1119*b - 112. Is r(-11) a composite number?
False
Let o = 3 + -1. Suppose -x + o*x = -925. Let i = -444 - x. Is i a prime number?
False
Suppose 4*g + 3 = 27. Suppose g*n = 3*n + 2*m - 517, -n + 4*m - 189 = 0. Let k = 618 + n. Is k a prime number?
True
Let v(p) = p - 11. Let w(n) = n - 11. Let a(s) = 6*v(s) - 7*w(s). Let t be a(6). Suppose -31 = -t*r + 134. Is r prime?
False
Suppose -5*d + 6*d + 8 = 0. Let f = 12 + d. Is 10/f*28/2 prime?
False
Suppose 19*h + 2*h = 686847. Is h composite?
False
Let k(i) = i**2 + 8*i + 8. Let y be k(-7). Is (-445)/10*-2*y a prime number?
True
Let j(u) be the third derivative of 0 + 0*u - 1/120*u**6 + 4/15*u**5 + 1/6*u**3 - 8*u**2 - 3/4*u**4. Is j(14) composite?
True
Let b(n) = 2266*n**3 - 3*n**2 + 3*n + 33. Is b(4) a composite number?
False
Let l be ((-159)/6)/((-1)/2). Let g = 4 + -2. Suppose -j = -g*j - n + l, -120 = -2*j + 5*n. Is j prime?
False
Let k = -4 + 6. Is -1 + 0/k - -20 prime?
True
Let o be ((-200)/(-150))/((-4)/(-3) - 1). Let b = 873 - 399. Suppose -370 - b = -o*u. Is u a prime number?
True
Is -77969*(-5)/45 - (-2)/(-9) a composite number?
False
Let a be (-1 - 1 - -2)/(-3). Suppose h + 3*w = 17, h + 4*h + 5*w - 55 = a. Suppose -8524 = -h*b - 1428. Is b prime?
True
Suppose -4*n - 2*t + 2 = -5*n, 0 = -4*n - 5*t + 18. Let m(p) = 144*p**3 - p**2 + p + 1. Is m(n) composite?
False
Suppose 484178 = 26*r - 623136. Is r a prime number?
True
Let c be 7/(-35) + (-1)/(-5). Suppose 5*q - 3*n - 405 = c, -5*n - 27 + 2 = 0. Suppose 2*o - 40 = -r + q, o = -r + 60. Is o a prime number?
False
Suppose 8*l = 14*l - 17754. Is l prime?
False
Let i(d) = -d**2 + 5*d - 6. Let n be i(9). Let u be 12/n - 72/(-7). Suppose 3*j - 79 - u = -2*w, -j + 2*w + 43 = 0. Is j a composite number?
True
Suppose 2 + 14 = 4*h. Suppose -5*w = -h - 6. Suppose -4*v + 537 = -i, -2*v + 104 = w*i - 152. Is v a composite number?
True
Let l be (9 - 5) + 2/2. Suppose l*q = 3*q + 974. Is q prime?
True
Suppose -5*k = -15860 - 19725. Is k a composite number?
True
Sup